(h) = -h**3 + 27*h**2 - 50*h + 32. Let n be g(25). Let v be (-3 + 0)/((-6)/32). Calculate the greatest common factor of n and v.
16
Suppose 0 = -3*t + 2*t + 99. Let b(k) = -k**3 + 18*k**2 + 150*k - 2901. Let c be b(16). What is the highest common factor of c and t?
11
Let t(z) = z**3 - 10*z**2 - 26*z + 9. Let d be t(14). Let h = 7 - -32. What is the greatest common divisor of h and d?
39
Let f = 33 - 30. Suppose t - f*t = -420. Suppose 3*o = b - 53, 0*b = -5*b + 4*o + t. What is the highest common divisor of 19 and b?
19
Suppose 4*j - 7*j - 3*h = -33, -5*h - 1 = -3*j. Calculate the highest common factor of j and 7.
7
Let g be (12 - 7)*(-102)/(-15). Let v = -25 + g. What is the highest common divisor of 36 and v?
9
Let g = -449 - -451. Let b be 7 - 3*(-2)/3. Let j = b + -4. What is the greatest common divisor of j and g?
1
Let h be 8 - ((-2 - -2) + 1). Suppose h*t = 10*t - 60. What is the greatest common divisor of 8 and t?
4
Suppose 2*m - m = -m. Suppose 3*f + 0*f - 540 = m. What is the greatest common factor of f and 20?
20
Let i(r) = 14*r**2 + 2*r + 2. Let t be i(-1). Suppose 0*b + t = 2*b. Calculate the highest common factor of 21 and b.
7
Suppose -4*g = -5*z + 365, 2*g = 16*z - 14*z - 148. What is the greatest common factor of 3 and z?
3
Let r(x) = x**3 + 11*x**2 + 18*x - 12. Let g be r(-8). What is the greatest common divisor of 180 and g?
36
Let k = 656 - 648. Calculate the greatest common factor of k and 38.
2
Suppose 3*v + 54 = 5*u, 2*u - 25 = -v + 1. Suppose 5*l = 4*l + 3. Suppose 0*i + 144 = l*i. Calculate the highest common factor of u and i.
12
Let o = 76 + -82. Let b be 0 - 23/o - 3/(-18). Calculate the greatest common divisor of b and 14.
2
Let k(g) = g**2 + 10*g + 10. Let r be k(-8). Let n(f) = -7*f - 11. Let y be n(r). What is the highest common factor of 217 and y?
31
Suppose -p - 160 = -4*z - 6*p, -5*z - 2*p = -217. Suppose -m = -6*m - z. Let n be 3/9 + (-69)/m. What is the highest common factor of n and 8?
8
Let h = 17 - 9. Let b be (7/(-3))/7*93. Let u = b - -71. What is the greatest common divisor of h and u?
8
Let p(k) = 17*k - 303. Let z be p(19). What is the greatest common factor of z and 2?
2
Let y be (32/6 - 3)/(6/1134). What is the highest common factor of y and 36?
9
Let z be -3 + 4/22 + 520/44. Suppose 4*w - 2*d - z = 13, 5*w + 2*d - 5 = 0. Calculate the greatest common factor of w and 1.
1
Suppose 2*w - 330 = -5*r, -w = r - 103 + 34. What is the highest common factor of 384 and r?
64
Suppose 3*s = -5*h + 145, 20*s - 2*h = 24*s - 198. Let d be (-2)/(-1) + -1 - 3. Let f be ((-4)/d)/((-1)/(-10)). What is the greatest common factor of s and f?
10
Let l be (-6)/24 - (-18)/8. Let d(w) = 9*w - 6. Let o be d(l). Calculate the highest common factor of 4 and o.
4
Suppose 5*s - 234 = -3*y, 172*s - 37 = 171*s - 2*y. Let b be 17 + 0*(-1)/2. Calculate the highest common factor of b and s.
17
Suppose -2*h - y = 103, -4*h - 5*y - 251 = -60. Let f be (0 + 6/(-2))*h/18. Calculate the greatest common divisor of 90 and f.
9
Suppose -w - w + 164 = 0. Suppose -5*y + w = -18. Let i = 204 - 124. Calculate the greatest common divisor of y and i.
20
Let w(l) = 7*l**2 + 385*l - 365*l - l**3 - 3 + 0 + 1. Let v be w(9). Calculate the greatest common factor of 32 and v.
16
Suppose -u - 108 = -2*c - c, 36 = c - 4*u. Let k = c - 29. What is the greatest common factor of k and 7?
7
Let i be 6/(-8) - -1 - (-994)/56. What is the highest common divisor of 48 and i?
6
Let c be (5 - 7)/((-4)/30). Let u(v) = v**2 + 3*v + 3. Let p be u(-3). Calculate the greatest common factor of c and p.
3
Let a(p) = p**3 + 16*p**2 + 27*p + 6. Let d be a(-13). Calculate the highest common divisor of d and 6.
6
Suppose -3*f - 280 = -5*r, 5*r + 5*f - 13 - 267 = 0. Suppose 151 = 6*v + 25. Suppose 7*h = 4*h + v. What is the highest common divisor of r and h?
7
Let i(x) = 3*x**2 - 4*x + 1. Let y be i(-7). Let p(h) = -4*h**3 + h**2 - 2*h + 4. Let c be p(2). Let m = 44 + c. What is the greatest common divisor of m and y?
16
Let g be -15 - (240/(-12) + 3). Let k(z) = z**2 - 6*z - 2. Let s be k(7). Calculate the highest common factor of s and g.
1
Let s(m) = -186*m - 930. Let d be s(-29). What is the greatest common factor of 144 and d?
144
Suppose 0 = 6*r - 2*r - 4*v - 476, -r = 2*v - 119. What is the highest common factor of 17 and r?
17
Suppose -38*k - 36 = -41*k. Let n = 6 + -3. Suppose a + 144 = n*a. Calculate the highest common factor of a and k.
12
Let u be (6 - (3 - -5)) + (-3)/(-1). Suppose -2*b + b + 1 = 0. Calculate the greatest common divisor of u and b.
1
Let y be (-20)/5*(-1785)/20. What is the highest common factor of 102 and y?
51
Suppose -21 = -2*x - 5*p + 4*p, 5*x = 5*p + 15. Let d be -36*(12/x - 2). Let w = d + -6. Calculate the highest common divisor of w and 4.
4
Suppose 3*i - 1159 = -4*s + 4*i, 4*i - 874 = -3*s. What is the highest common factor of s and 10?
10
Suppose -5*i + 741 = -239. Suppose 4*m - i = -3*m. What is the greatest common factor of m and 4?
4
Let a(o) = -o + 1. Let p = 13 - 11. Suppose p*m + 4 = 2*h, -4 = 4*m - 2*h + 2. Let c be a(m). What is the greatest common divisor of c and 1?
1
Let s(p) = 14*p - 3. Let i(y) = y**3 - 14*y**2 - 15*y + 2. Let k be i(15). Let g be s(k). Calculate the greatest common factor of 25 and g.
25
Suppose -50*x = -49*x - 10. Calculate the greatest common divisor of x and 145.
5
Suppose 2*u - 7*u + 38 = 4*w, 0 = -2*u + 4*w + 4. Let g be 2*32 + (4 - 2). Calculate the highest common factor of g and u.
6
Let o = 235 - 109. Let w(f) = -f**2 + 9*f - 8. Let d be w(9). Let q(k) = -k**2 - 10*k - 2. Let m be q(d). Calculate the highest common factor of m and o.
14
Suppose -3*p + 4*p - 691 = 5*u, -5*u = -20. Calculate the greatest common divisor of p and 18.
9
Suppose t + 2*t - 6 = 0. Let j be t/6*(-72)/(-6). Let x be 4/(-2*j/(-60)). Calculate the greatest common divisor of 10 and x.
10
Let c(y) = -25*y - 77. Let n be c(-4). What is the greatest common factor of n and 368?
23
Suppose 4*b - 5*d - 12 = 70, -64 = -4*b - 4*d. Let q(o) = -15*o - 103. Let a be q(-7). What is the greatest common factor of a and b?
2
Let c(g) = 2*g**2 + 19*g - 47. Let j be c(5). Calculate the greatest common factor of 42 and j.
14
Let z = 723 + -318. Suppose -x - 4*x = -z. Calculate the greatest common divisor of 54 and x.
27
Let x be (-155)/10*-6 + (-4 - 1). Calculate the highest common divisor of x and 2376.
88
Let v(i) = -i**3 - 14*i**2 - 63*i - 10. Let m be v(-10). Calculate the highest common factor of 4 and m.
4
Suppose -3*p + 6*p - 2 = 5*o, 0 = -3*p - 5*o + 52. Let z(u) = u**3 - 6*u**2 - 13*u - 12. Let r be z(p). Calculate the highest common divisor of r and 19.
19
Let c = -2 + -3. Suppose 0 = -0*n + n + 13. Let z = c - n. Calculate the greatest common divisor of z and 72.
8
Let w(i) = -3*i + 6. Let u be w(-1). Suppose -5*k + k - 25 = s, 3*k + 10 = s. Let n be (-1)/4 - k/4. What is the highest common divisor of n and u?
1
Let m be (332/(-6))/((-12)/270). Let l = -681 + m. Let t = -396 + l. What is the highest common factor of t and 24?
24
Suppose -4*f = -5*f - 2*l + 98, -l - 95 = -f. Suppose 66 = q - f. What is the greatest common divisor of q and 18?
18
Suppose 10*d + 264 = 11*d. Let b(h) = -h**2 + 11*h - 4. Let f = 7 - 0. Let i be b(f). What is the greatest common factor of i and d?
24
Let r(g) = 13*g + 1. Let t be r(1). Let y(x) = -x**3 + 6*x**2 + 7*x - 7. Let k be y(6). What is the greatest common factor of t and k?
7
Suppose -v + 120 = 4*v - h, 0 = -v + 5*h + 48. Let j(i) = 5*i + 17. Let s be j(15). Calculate the greatest common factor of v and s.
23
Let u(d) = -d**3 + 17*d**2 + 15*d + 53. Let y be u(18). Let l be 8 + 3/(y + 5/20). What is the greatest common divisor of l and 12?
4
Let m(j) be the third derivative of -7*j**4/24 - 4*j**3/3 - 6*j**2. Let g be m(-4). What is the highest common divisor of 8 and g?
4
Let v be 48*((-1)/(-2) - (-10 - -8)). What is the highest common divisor of v and 75?
15
Suppose -y = -5*s - 0*y - 9, 3*y = -s + 11. Let d = s - -199. Let m be -27*((-20)/12 - -1). Calculate the greatest common divisor of m and d.
18
Let o(r) = 55*r + 44. Let g be o(0). What is the greatest common factor of g and 374?
22
Suppose 5686 = 2*j + 4*b, -1 = -2*b + 7. What is the greatest common divisor of 105 and j?
105
Let k be